 number?
False
Is 1079125379 a composite number?
True
Is 1799599237 composite?
False
Is 26857104749 a composite number?
True
Is 82656361 a composite number?
False
Is 1939060651 prime?
False
Is 5179204409 composite?
True
Is 26035145287 composite?
True
Is 63585599593 a prime number?
False
Is 3172699133 composite?
True
Is 10814171333 a prime number?
False
Is 217916010047 composite?
False
Is 18752908099 a prime number?
True
Is 3803833723 prime?
True
Is 132844683 a prime number?
False
Is 49514417 composite?
False
Is 18740157217 composite?
True
Is 6038652089 a prime number?
True
Is 436320473 a composite number?
False
Is 4028364707 a composite number?
True
Is 2086603249 a prime number?
True
Is 34698776111 a prime number?
True
Is 40564754897 prime?
True
Is 74588869 a composite number?
False
Is 4338697673 composite?
False
Is 45164384981 a composite number?
False
Is 2797957469 composite?
False
Is 141999239 a prime number?
True
Is 17820329717 a composite number?
False
Is 1902964267 a prime number?
True
Is 311384651269 prime?
False
Is 3331654153 a prime number?
False
Is 1149721511 a prime number?
True
Is 32592385831 a prime number?
False
Is 4057502123 composite?
False
Is 1885077917 prime?
True
Is 540113573 prime?
False
Is 79658647673 a prime number?
False
Is 8761695553 prime?
False
Is 38799971 a prime number?
False
Is 58959959 a prime number?
True
Is 16052446393 prime?
False
Is 1095293609 prime?
True
Is 6933410779 composite?
False
Is 611406061 composite?
True
Is 12490418029 a composite number?
True
Is 524300378023 a prime number?
True
Is 190781054435 a prime number?
False
Is 15881177107 composite?
True
Is 43702750889 composite?
True
Is 11166833507 a composite number?
True
Is 4590273133 a composite number?
True
Is 33050540233 a prime number?
True
Is 4395597397 composite?
False
Is 8231406919 composite?
True
Is 866954411 a composite number?
False
Is 175726587 prime?
False
Is 671637913 a prime number?
False
Is 3489094913 a prime number?
False
Is 785223163 a composite number?
False
Is 17164947847 prime?
True
Is 6163871267 a prime number?
False
Is 604052311 prime?
True
Is 72139074899 a prime number?
False
Is 114088243 composite?
False
Is 2494945391 prime?
True
Is 16570067497 prime?
True
Is 12405385849 composite?
True
Is 2700031319 prime?
True
Is 21192494647 a composite number?
False
Is 23246069419 a prime number?
False
Is 4340346559 composite?
True
Is 8839601 prime?
True
Is 889229339 prime?
False
Is 5345088557 composite?
False
Is 290546671 prime?
True
Is 1310755871 prime?
True
Is 46544257 a composite number?
False
Is 317500741 prime?
True
Is 39192178967 a composite number?
True
Is 8274012907 a prime number?
True
Is 109485941 prime?
False
Is 104129183 prime?
True
Is 46302561013 a composite number?
False
Is 7228271623 composite?
True
Is 37885831 a composite number?
True
Is 2267607737 a prime number?
False
Is 3034787539 a prime number?
False
Is 20763025189 composite?
True
Is 82991832523 composite?
False
Is 8915955697 composite?
True
Is 328638686371 prime?
False
Is 411548561 a composite number?
False
Is 66150227669 a composite number?
False
Is 669721339 prime?
False
Is 237188073601 composite?
False
Is 11721212149 prime?
False
Is 94338385 composite?
True
Is 11972199893 composite?
True
Is 130966111387 a prime number?
False
Is 186476868167 prime?
False
Is 81244634951 prime?
True
Is 942747317 prime?
False
Is 79611401 prime?
True
Is 153696583 a composite number?
False
Is 10076529413 a prime number?
False
Is 10323017311 a prime number?
True
Is 11671907854 prime?
False
Is 254051533 a prime number?
True
Is 13883823911 prime?
True
Is 2085506582 prime?
False
Is 595069621 composite?
False
Is 5404792217 a composite number?
True
Is 11889963793 composite?
False
Is 15057564085 a composite number?
True
Is 15839756131 prime?
True
Is 5935560101 composite?
True
Is 20822511029 prime?
True
Is 23405164453 a prime number?
False
Is 122628892117 composite?
False
Is 542619943 a composite number?
False
Is 1916648117 prime?
True
Is 2530692739 a prime number?
False
Is 860315797 a composite number?
True
Is 2736092197 composite?
False
Is 933642817 prime?
True
Is 2471702027 composite?
False
Is 114359359 a composite number?
False
Is 16086863203 prime?
True
Is 280561991 a prime number?
True
Is 1307179337 a composite number?
False
Is 1741367373 composite?
True
Is 3042453743 a composite number?
True
Is 7006779379 a prime number?
True
Is 48201843353 composite?
False
Is 2491183361 a prime number?
True
Is 10679508149 a composite number?
False
Is 1165366897 a prime number?
False
Is 1753555789 a composite number?
True
Is 6802334515 composite?
True
Is 99862655257 a prime number?
False
Is 171742322 a prime number?
False
Is 3743153637 prime?
False
Is 10710719561 a prime number?
False
Is 751153495 a composite number?
True
Is 12885057359 composite?
True
Is 123184195 a composite number?
True
Is 52852124386 a composite number?
True
Is 139286383 a prime number?
False
Is 6573753377 a composite number?
False
Is 185298956753 prime?
True
Is 501969431 prime?
False
Is 27612061 composite?
True
Is 2312080021 composite?
True
Is 409791053 a prime number?
False
Is 3396782887 prime?
True
Is 54020297 composite?
False
Is 671545217 composite?
True
Is 556412767 a prime number?
False
Is 14698088389 prime?
False
Is 1108913963 prime?
True
Is 97415976761 a prime number?
False
Is 489348917 composite?
False
Is 104215728623 a composite number?
True
Is 7852371518 composite?
True
Is 134865444311 a composite number?
True
Is 8234009074 a prime number?
False
Is 2213297651 composite?
False
Is 4300798427 prime?
False
Is 4369455721 composite?
True
Is 200033841317 prime?
True
Is 1610073271 a composite number?
False
Is 9583031573 a prime number?
True
Is 6863454359 a prime number?
False
Is 456647161 prime?
True
Is 3762634091 composite?
True
Is 200700787503 prime?
False
Is 1099270778 a composite number?
True
Is 1916193919 composite?
True
Is 9053832649 a composite number?
False
Is 4185694033 composite?
True
Is 3049844471 a prime number?
True
Is 831020177 composite?
True
Is 158794396913 a prime number?
True
Is 3401144629 a prime number?
False
Is 10032340121 a composite number?
True
Is 5432246279 composite?
True
Is 2547867373 composite?
False
Is 70052353 composite?
True
Is 174038737 a composite number?
True
Is 6428351021 composite?
False
Is 2551777013 a prime number?
True
Is 116959816147 composite?
False
Is 19590858947 composite?
True
Is 181531663 a prime number?
False
Is 3417675361 composite?
False
Is 638663351 prime?
False
Is 24650422343 prime?
False
Is 9456899653 prime?
False
Is 5643416657 composite?
False
Is 67538158003 a composite number?
True
Is 227572870793 a composite number?
False
Is 7815830989 prime?
True
Is 62043577 a composite number?
False
Is 2272472581 a prime number?
True
Is 117960221 a prime number?
False
Is 6807585209 composite?
False
Is 9155339 composite?
False
Is 88975179911 a prime number?
True
Is 49259936567 prime?
False
Is 7383076691 prime?
True
Is 10713818327 composite?
False
Is 3916931 prime?
False
Is 200942491 a composite number?
False
Is 10551436949 composite?
True
Is 20035662221 a prime number?
True
Is 67096252697 a composite number?
False
Is 294325151 composite?
False
Is 73621460521 prime?
False
Is 2738012303 a prime number?
False
Is 31958591593 a prime number?
False
Is 51776302327 composite?
False
Is 173236799 prime?
True
Is 25869531889 composite?
False
Is 2290865947 a prime number?
True
Is 19476253501 prime?
False
Is 5815354003 prime?
False
Is 18952803931 a composite number?
True
Is 119226257 a prime number?
True
Is 6500010263 prime?
True
Is 760678339 prime?
False
Is 36249386309 prime?
True
Is 665413519 composite?
True
Is 3774201415 a composite number?
True
Is 531842089 a composite number?
False
Is 74258430941 prime?
False
Is 81617193563 a prime number?
False
Is 8389919477 a composite number?
False
Is 153671998663 a prime number?
True
Is 44752783 prime?
False
Is 23161261107 a composite number?
True
Is 6401057587 a composite number?
False
Is 12546803942 a composite number?
True
Is 76144117097 composite?
False
Is 14906845931 a prime number?
True
Is 765810239 a composite number?
True
Is 354515479 prime?
False
Is 939550193 a prime number?
False
Is 7016730449 prime?
True
Is 100121837 a prime number?
True
Is 40960342427 p